{"id":98,"date":"2016-04-03T13:37:59","date_gmt":"2016-04-03T13:37:59","guid":{"rendered":"http:\/\/coaching-zum-anfassen.com\/?page_id=98"},"modified":"2016-05-02T17:20:01","modified_gmt":"2016-05-02T17:20:01","slug":"privates-coaching","status":"publish","type":"page","link":"https:\/\/coaching-zum-anfassen.com\/?page_id=98","title":{"rendered":"Privates Coaching"},"content":{"rendered":"<p><span style=\"color: #003366;\"><strong>Innere Balance f\u00fcr Sie<br \/>\n<\/strong>Ich unterst\u00fctze Sie zielsicher, l\u00f6sungsorientiert und mit praxisnahen\u00a0Methoden bei folgenden Themen*:<\/span><\/p>\n<ul>\n<li><span style=\"color: #003366;\">In Ihrer pers\u00f6nlichen Entwicklung<\/span><\/li>\n<li><span style=\"color: #003366;\">berufliche und pers\u00f6nliche Standortbestimmung und Neuorientierung<\/span><\/li>\n<li><span style=\"color: #003366;\">Entwicklung und Umsetzung Ihrer individuellen Ziele<\/span><\/li>\n<li><span style=\"color: #003366;\">Entdeckung und Entfaltung Ihrer St\u00e4rken und Potenziale<\/span><\/li>\n<li><span style=\"color: #003366;\">St\u00e4rkung Ihres Selbstvertrauens<\/span><\/li>\n<li><span style=\"color: #003366;\">Verbesserung Ihrer Kommunikation<\/span><\/li>\n<li><span style=\"color: #003366;\">Begleitung in Krisensituationen<\/span><\/li>\n<li><span style=\"color: #003366;\">Vorbereitung f\u00fcr Entscheidungen und wichtige Gespr\u00e4che<\/span><\/li>\n<li><span style=\"color: #003366;\">und Vieles mehr.<\/span><\/li>\n<\/ul>\n<p><span style=\"color: #003366;\">Sie wissen nicht so recht?<\/span><br \/>\n<span style=\"color: #003366;\"> Vereinbaren Sie einfach ein erstes Gespr\u00e4ch. Kostenlos und unverbindlich<\/span>. <a href=\"https:\/\/coaching-zum-anfassen.com\/?page_id=140\" target=\"_blank\">Kontakt<\/a><\/p>\n<p><span style=\"color: #003366;\"><span style=\"font-size: medium;\">*ausdr\u00fccklicher Hinweis: Ein Coaching ist kein Ersatz f\u00fcr eine medizinische oder psychiatrische Behandlung.<\/span><\/p>\n","protected":false},"excerpt":{"rendered":"<p>Innere Balance f\u00fcr Sie Ich unterst\u00fctze Sie zielsicher, l\u00f6sungsorientiert und mit praxisnahen\u00a0Methoden bei folgenden Themen*: In Ihrer pers\u00f6nlichen Entwicklung berufliche und pers\u00f6nliche Standortbestimmung und Neuorientierung Entwicklung und Umsetzung Ihrer individuellen Ziele Entdeckung und Entfaltung Ihrer &hellip; <a href=\"https:\/\/coaching-zum-anfassen.com\/?page_id=98\">Weiterlesen<\/a><\/p>\n","protected":false},"author":1,"featured_media":0,"parent":0,"menu_order":0,"comment_status":"closed","ping_status":"closed","template":"","meta":{"spay_email":""},"jetpack_sharing_enabled":true,"jetpack_shortlink":"https:\/\/wp.me\/P7oQqi-1A","jetpack-related-posts":[{"id":46,"url":"https:\/\/coaching-zum-anfassen.com\/?page_id=46","url_meta":{"origin":98,"position":0},"title":"Referenzen","date":"April 1, 2016","format":false,"excerpt":"Kundenstimmen Dipl.-Ing. S. aus A.: Frau F\u00fclber gelang es mit Ihrer sympathischen, kompetenten und zielstrebigen Art meinen Horizont zu erweitern, meine Selbstkontrolle zu steigern und auch komplexe Themen einfach darzustellen und auf zu arbeiten. Auch Dritten ist eine positive Ver\u00e4nderung meines Verhaltens aufgefallen, was f\u00fcr mich den Erfolg des Coachings\u2026","rel":"","context":"\u00c4hnlicher Beitrag","img":{"alt_text":"","src":"","width":0,"height":0},"classes":[]},{"id":57,"url":"https:\/\/coaching-zum-anfassen.com\/?page_id=57","url_meta":{"origin":98,"position":1},"title":"Coaching zum Anfassen","date":"April 1, 2016","format":false,"excerpt":"Was bedeutet \"Coaching zum Anfassen?\" Als Coach nehme ich Sie als Menschen in Ihrer Ganzheit wahr \u2013 einen Menschen aus K\u00f6rper, Geist und Seele. Ich unterst\u00fctze Sie dabei, klarer zu sehen und sich und Ihre Mitmenschen besser zu verstehen. Entdecken Sie gemeinsam mit mir Ihre Ziele und steuern Sie auf\u2026","rel":"","context":"\u00c4hnlicher Beitrag","img":{"alt_text":"","src":"","width":0,"height":0},"classes":[]},{"id":101,"url":"https:\/\/coaching-zum-anfassen.com\/?page_id=101","url_meta":{"origin":98,"position":2},"title":"Business Coaching","date":"April 3, 2016","format":false,"excerpt":"Erfolgskurs f\u00fcr Ihr Business Coaching f\u00fcr F\u00fchrungskr\u00e4fte systemische Betrachtung von Beziehungsverh\u00e4ltnissen und Konflikten am Arbeitsplatz ganzheitliches Teambuilding Coaching f\u00fcr\u00a0Mitarbeiter mit besonderen Funktionen, z. B. Schnittstellenfunktion Entwicklung eines wertsch\u00e4tzenden Umgangs miteinander \u00fcber das Erkennen von Pers\u00f6nlichkeitsstrukturen und Werten Begleitung in Ver\u00e4nderungsprozessen Jedes Coaching ist streng vertraulich. Dies gilt selbstverst\u00e4ndlich auch dann,\u2026","rel":"","context":"\u00c4hnlicher Beitrag","img":{"alt_text":"","src":"","width":0,"height":0},"classes":[]},{"id":119,"url":"https:\/\/coaching-zum-anfassen.com\/?page_id=119","url_meta":{"origin":98,"position":3},"title":"Impressum &#038; Datenschutz","date":"April 3, 2016","format":false,"excerpt":"Ansprechpartner und verantwortlich f\u00fcr den Inhalt:Sabine F\u00fclberGoldt\u00e4leweg 1170327 StuttgartTel. +49 160-354 66 54Kontakt Gestaltung und Programmierung:Sabine F\u00fclber Es gilt der Haftungssausschluss \/ Disclaimer Datenschutz Die Betreiber dieser Seiten nehmen den Schutz Ihrer pers\u00f6nlichen Daten sehr ernst. Wir behandeln Ihre personenbezogenen Daten vertraulich und entsprechend der gesetzlichen Datenschutzvorschriften sowie dieser Datenschutzerkl\u00e4rung.\u2026","rel":"","context":"\u00c4hnlicher Beitrag","img":{"alt_text":"","src":"","width":0,"height":0},"classes":[]},{"id":52,"url":"https:\/\/coaching-zum-anfassen.com\/?page_id=52","url_meta":{"origin":98,"position":4},"title":"\u00dcber mich","date":"April 1, 2016","format":false,"excerpt":"Leben darf Spa\u00df machen - arbeiten auch! Dieser Gedanke pr\u00e4gt meine Arbeit als Coach und nat\u00fcrlich auch mein Leben. Deshalb nehme ich nicht nur beim Segeln Kurs auf Neuland. Mit viel Neugier und Offenheit lasse ich mich immer wieder gerne auf\u00a0neue Menschen, Situationen und L\u00e4nder ein. Dazu geh\u00f6rte unter anderem\u00a0das\u2026","rel":"","context":"\u00c4hnlicher Beitrag","img":{"alt_text":"","src":"","width":0,"height":0},"classes":[]},{"id":232,"url":"https:\/\/coaching-zum-anfassen.com\/?page_id=232","url_meta":{"origin":98,"position":5},"title":"Geschenk","date":"April 15, 2016","format":false,"excerpt":"Dein Kapit\u00e4n und das Meer der Zeit","rel":"","context":"\u00c4hnlicher Beitrag","img":{"alt_text":"","src":"https:\/\/i0.wp.com\/coaching-zum-anfassen.com\/wp-content\/uploads\/2016\/04\/Kompass_XS-225x300.jpg?resize=350%2C200","width":350,"height":200},"classes":[]}],"_links":{"self":[{"href":"https:\/\/coaching-zum-anfassen.com\/index.php?rest_route=\/wp\/v2\/pages\/98"}],"collection":[{"href":"https:\/\/coaching-zum-anfassen.com\/index.php?rest_route=\/wp\/v2\/pages"}],"about":[{"href":"https:\/\/coaching-zum-anfassen.com\/index.php?rest_route=\/wp\/v2\/types\/page"}],"author":[{"embeddable":true,"href":"https:\/\/coaching-zum-anfassen.com\/index.php?rest_route=\/wp\/v2\/users\/1"}],"replies":[{"embeddable":true,"href":"https:\/\/coaching-zum-anfassen.com\/index.php?rest_route=%2Fwp%2Fv2%2Fcomments&post=98"}],"version-history":[{"count":7,"href":"https:\/\/coaching-zum-anfassen.com\/index.php?rest_route=\/wp\/v2\/pages\/98\/revisions"}],"predecessor-version":[{"id":363,"href":"https:\/\/coaching-zum-anfassen.com\/index.php?rest_route=\/wp\/v2\/pages\/98\/revisions\/363"}],"wp:attachment":[{"href":"https:\/\/coaching-zum-anfassen.com\/index.php?rest_route=%2Fwp%2Fv2%2Fmedia&parent=98"}],"curies":[{"name":"wp","href":"https:\/\/api.w.org\/{rel}","templated":true}]}}